 - 2?
-7a5
In base 16, what is 954 + -345?
60f
In base 9, what is -35 - 8025?
-8061
In base 7, what is -30 - 26422?
-26452
In base 15, what is -618 + 76?
-592
In base 11, what is 579218a + -1?
5792189
In base 14, what is -1a - 649?
-665
In base 13, what is -1 + -188b9?
-188ba
In base 9, what is 250 + 13717?
14067
In base 10, what is 7260 + 2?
7262
In base 5, what is 4 + -312?
-303
In base 9, what is -117114 - 2?
-117116
In base 15, what is a - 1156?
-114b
In base 15, what is -41 - -669?
628
In base 15, what is 0 + -7031c?
-7031c
In base 12, what is 3 - -3b909?
3b910
In base 11, what is 260 + -35?
226
In base 11, what is 2 + -251447?
-251445
In base 11, what is -238878 + -2?
-23887a
In base 7, what is -66 + 54?
-12
In base 12, what is 16 - -b93?
ba9
In base 8, what is -3 + -54025?
-54030
In base 12, what is -3 - 121955?
-121958
In base 9, what is -14324 + 6?
-14317
In base 4, what is -11 - 202133131?
-202133202
In base 16, what is 35 - -19?
4e
In base 5, what is 10 + 334301?
334311
In base 4, what is 212 - -2?
220
In base 4, what is 0 + 1112231?
1112231
In base 4, what is 221212 - 12?
221200
In base 5, what is 4 + 313342?
313401
In base 13, what is -3 - -160b?
1608
In base 16, what is c2870 + -5?
c286b
In base 13, what is -767a - 0?
-767a
In base 14, what is -32 + 875?
843
In base 14, what is -4 - -b541a?
b5416
In base 14, what is -2689a + -5?
-268a1
In base 6, what is -20404 - 103?
-20511
In base 9, what is -46 + -4422?
-4468
In base 13, what is b9ba88 + 2?
b9ba8a
In base 12, what is 33b200 - 0?
33b200
In base 3, what is -11221220010 - 0?
-11221220010
In base 5, what is 31 - 311324?
-311243
In base 7, what is 3245 + 11346?
14624
In base 2, what is 110110111 + 1?
110111000
In base 7, what is -43 - 11645?
-12021
In base 8, what is -372 + 6613?
6221
In base 4, what is 2 - -113102131?
113102133
In base 13, what is 1ca1 + -26a?
1a34
In base 11, what is -18465 + 3?
-18462
In base 16, what is 21e7 + 4?
21eb
In base 13, what is 320a4 + 3?
320a7
In base 13, what is -4c - -386?
337
In base 5, what is 2 + 23214?
23221
In base 16, what is -1192 - 0?
-1192
In base 8, what is 117234 + 0?
117234
In base 8, what is -60553 + -5?
-60560
In base 4, what is 1 + 220002?
220003
In base 8, what is 2 + -250467?
-250465
In base 8, what is -1 - 165432?
-165433
In base 3, what is 1011 + -211001?
-202220
In base 2, what is -101100000110 + -1111000?
-101101111110
In base 9, what is 0 - -211003?
211003
In base 9, what is 151817 + 4?
151822
In base 5, what is 1033 + 1330314?
1331402
In base 2, what is -100110001100001 - -10?
-100110001011111
In base 9, what is -5461 + 41?
-5420
In base 10, what is 14646 - -27?
14673
In base 15, what is -431 - -23?
-40d
In base 11, what is 0 + 39870?
39870
In base 15, what is 4591 - -18?
45a9
In base 6, what is 5 + 2230453?
2230502
In base 7, what is 6 + 11265543?
11265552
In base 5, what is -1420 + 22432?
21012
In base 9, what is -48417 + 4?
-48413
In base 13, what is -3 + 1b0b3?
1b0b0
In base 13, what is b + -376?
-368
In base 3, what is 2022010 + -21?
2021212
In base 7, what is 5 - -31066?
31104
In base 12, what is -12657 + 5?
-12652
In base 13, what is 0 - 1592?
-1592
In base 6, what is -30 + 3501353?
3501323
In base 10, what is 2 + 10337?
10339
In base 4, what is -1111122 - -11?
-1111111
In base 2, what is 100 + -100110100111100100?
-100110100111100000
In base 13, what is c - -1b86?
1b95
In base 13, what is -3c + -48?
-87
In base 14, what is 134b35 + -1?
134b34
In base 9, what is -2738 + -75?
-2824
In base 12, what is 4532 - -148?
467a
In base 9, what is -10502 - -13?
-10478
In base 16, what is -4 + b150?
b14c
In base 9, what is 36 + 30574?
30621
In base 8, what is 115 + 7726?
10043
In base 10, what is 4797 - 2?
4795
In base 9, what is 1 + -16225?
-16224
In base 3, what is -220120100 - 0?
-220120100
In base 14, what is -1 + -c07d9?
-c07da
In base 13, what is -49 - -a0b?
992
In base 5, what is 11134334 + -10?
11134324
In base 12, what is -412 - 6954?
-7166
In base 13, what is -3 + 30b7?
30b4
In base 13, what is -102 + 312a?
3028
In base 12, what is -a300 - 6?
-a306
In base 3, what is -1101022 + 220?
-1100102
In base 7, what is 11 - -64115?
64126
In base 6, what is 21 + -122535?
-122514
In base 14, what is 2 + -575a?
-5758
In base 14, what is -18 - 10b0?
-10c8
In base 14, what is -1 - -23026?
23025
In base 14, what is 4 + -3c82?
-3c7c
In base 7, what is -4 + 45216?
45212
In base 15, what is 3ed6 + 1d?
4004
In base 11, what is 3 + -154212?
-15420a
In base 7, what is 1035350 - -3?
1035353
In base 7, what is 5242 + -21?
5221
In base 2, what is 101011000011 + 101101?
101011110000
In base 9, what is -145243 + 2?
-145241
In base 11, what is -1302 - 222?
-1524
In base 15, what is 4c + -495?
-448
In base 13, what is -137c - -8?
-1374
In base 6, what is 1221 - 153?
1024
In base 13, what is 5183 - 14?
516c
In base 8, what is 332 + -75?
235
In base 8, what is -412 + 646?
234
In base 9, what is 2 - -366104?
366106
In base 4, what is 1313021 + -121?
1312300
In base 5, what is 1310133 - -101?
1310234
In base 11, what is -5 + 96435?
96430
In base 12, what is -8b24 + 92?
-8a52
In base 3, what is 2 - -222102200?
222102202
In base 4, what is 1 + -22312230?
-22312223
In base 13, what is 0 + 10a90?
10a90
In base 14, what is 5d281 + -3?
5d27c
In base 9, what is 100 + -1536?
-1436
In base 15, what is 2 + 23ea2?
23ea4
In base 8, what is -334 - 110277?
-110633
In base 13, what is -1020 - 49?
-1069
In base 7, what is -51 - 60422?
-60503
In base 6, what is -322022 + -1?
-322023
In base 13, what is -c + -10b2?
-10c1
In base 9, what is -7 + 15117?
15110
In base 4, what is -2 + 100103231?
100103223
In base 11, what is -1a3 + 3a68?
3875
In base 7, what is 52211624 + 1?
52211625
In base 7, what is -14651636 + 2?
-14651634
In base 6, what is 120350 - 130?
120220
In base 11, what is 61553 - 15?
61539
In base 6, what is -20 - -523454?
523434
In base 7, what is 331 + 232?
563
In base 8, what is 15 - 3126677?
-3126662
In base 15, what is 3 - -10b37e?
10b382
In base 4, what is 1023 + 13121?
20210
In base 2, what is 110100001 + -1011000?
101001001
In base 15, what is 1d + 15e?
17c
In base 3, what is -10021122 + 20102?
-10001020
In base 5, what is -2 - 4001210?
-4001212
In base 6, what is -10 - -153113?
153103
In base 5, what is 230443 - -30?
231023
In base 10, what is 221 - -119?
340
In base 16, what is -4 + c40b?
c407
In base 4, what is -12 + -13323001?
-13323013
In base 10, what is -2 + -10773?
-10775
In base 7, what is 105055 + -1?
105054
In base 2, what is -1000011010011010 + -1111?
-1000011010101001
In base 12, what is -10358 + 5b?
-102b9
In base 9, what is 6423 - 152?
6261
In base 3, what is -11 + -21101101?
-21101112
In base 13, what is -5 - 4361?
-4366
In base 16, what is 2 + 1ee6d?
1ee6f
In base 5, what is 20441034 - 4?
20441030
In base 2, what is 10111111 + 1001100110?
1100100101
In base 13, what is 16 + -8c3?
-8aa
In base 6, what is 4 + 52342145?
52342153
In base 12, what is -6a1 - -192?
-50b
In base 16, what is -3ebf - c?
-3ecb
In base 3, what is 0 + -110210222?
-110210222
In base 12, what is 0 - 1122a?
-1122a
In base 8, what is 1302 - 63?
1217
In base 14, what is 6b7a - 12?
6b68
In base 9, what is -1047 + -40?
-1087
In base 5, what is -111 - -1013441?
1013330
In base 5, what is 3001 - 10200?
-2144
In base 16, what is -1011 - 39?
-104a
In base 5, what is -1 + 2104020?
2104014
In base 8, what is 17435 + -32?
17403
In base 14, what is 4 + -13a3cb?
-13a3c7
In base 14, what is -5 - -877?
872
In base 9, what is -16 - -3616?
3600
In base 6, what is -1104 + 0?
-1104
In base 13, what is -5 - 136571?
-136576
In base 10, what is 18 - -321650?
321668
In base 8, what is -47756 - -7?
-47747
In base 13, what is 1b68 + 52a?
2395
In base 12, what is -5293 + 1?
-5292
In base 5, what is 234 + 223013?
223302
In base 10, what is 18483 - -4?
18487
In base 8, what is 11 + 402?
413
In base 3, what is -1111 + -10120121?
-10122002
In base 7, what is 224261 + 46?
224340
In base 5, what is -3 + 210033?
210030
In base 16, what is -4bf + 410?
-af
In base 16, what is 83 - -36?
b9
In base 11, what is -5 - 73262?
-73267
In base 9, what is -77 + -85831?
-86018
In base 4, what is 303313001200 - -3?
303313001203
In base 16, what is -5b + -8f?
-ea
In base 9, what is -42 + -280?
-332
In base 2, 